{"id":209,"date":"2015-10-11T21:48:10","date_gmt":"2015-10-11T19:48:10","guid":{"rendered":"http:\/\/www.praxis-frieswil.ch\/?page_id=209"},"modified":"2017-10-21T12:12:09","modified_gmt":"2017-10-21T10:12:09","slug":"dr-med-ursina-zuercher-doenz","status":"publish","type":"page","link":"https:\/\/www.praxis-frieswil.ch\/?page_id=209","title":{"rendered":""},"content":{"rendered":"<p><a href=\"http:\/\/www.praxis-frieswil.ch\/wp-content\/uploads\/2015\/10\/ursina_zuercher.png\"><img loading=\"lazy\" decoding=\"async\" class=\"alignnone wp-image-200\" src=\"http:\/\/www.praxis-frieswil.ch\/wp-content\/uploads\/2015\/10\/ursina_zuercher-240x300.png\" alt=\"\" width=\"220\" height=\"275\" srcset=\"https:\/\/www.praxis-frieswil.ch\/wp-content\/uploads\/2015\/10\/ursina_zuercher-240x300.png 240w, https:\/\/www.praxis-frieswil.ch\/wp-content\/uploads\/2015\/10\/ursina_zuercher.png 472w\" sizes=\"auto, (max-width: 220px) 100vw, 220px\" \/><\/a><\/p>\n<p><strong>DR. MED. URSINA Z\u00dcRCHER-D\u00d6NZ<\/strong><br \/>\nFach\u00e4rztin Allgemeine Innere Medizin FMH<br \/>\nManuelle Medizin SAMM<\/p>\n<p>Werdegang<br \/>\n2002 Abschluss des Medizinstudiums in Bern<br \/>\n2003\u00a0\u2013 2008 internistische Weiterbildung in verschiedenen Spit\u00e4lern<br \/>\ninkl. 12 Monate in Perth, Australien<br \/>\n2009 Erlangung des FMH Titels f\u00fcr Innere Medizin<br \/>\n2009 \u2013 2012 Ober\u00e4rztin Innere Medizin Spital Netz Bern Ziegler<br \/>\n2012 \u2013 2013 Ober\u00e4rztin Innere Medizin Spitalzentrum Biel<br \/>\n2013 \u2013 2014 \u00c4rztin im City Notfall Bern<br \/>\n2015\u00a0 F\u00e4higkeitsausweis Manuelle Medizin SAMM<\/p>\n<p><a href=\"http:\/\/www.praxis-frieswil.ch\/?page_id=13\">Team<\/a><\/p>\n","protected":false},"excerpt":{"rendered":"<p>DR. MED. URSINA Z\u00dcRCHER-D\u00d6NZ Fach\u00e4rztin Allgemeine Innere Medizin FMH Manuelle Medizin SAMM Werdegang 2002 Abschluss des Medizinstudiums in Bern 2003\u00a0\u2013 2008 internistische Weiterbildung in verschiedenen Spit\u00e4lern inkl. 12 Monate in Perth, Australien 2009 Erlangung des FMH Titels f\u00fcr Innere Medizin 2009 \u2013 2012 Ober\u00e4rztin Innere Medizin Spital Netz Bern Ziegler 2012 \u2013 2013 Ober\u00e4rztin Innere &hellip; <a href=\"https:\/\/www.praxis-frieswil.ch\/?page_id=209\" class=\"more-link\"><span class=\"screen-reader-text\"><\/span> weiterlesen <span class=\"meta-nav\">&rarr;<\/span><\/a><\/p>\n","protected":false},"author":1,"featured_media":0,"parent":13,"menu_order":2,"comment_status":"closed","ping_status":"closed","template":"","meta":{"footnotes":""},"class_list":["post-209","page","type-page","status-publish","hentry"],"_links":{"self":[{"href":"https:\/\/www.praxis-frieswil.ch\/index.php?rest_route=\/wp\/v2\/pages\/209","targetHints":{"allow":["GET"]}}],"collection":[{"href":"https:\/\/www.praxis-frieswil.ch\/index.php?rest_route=\/wp\/v2\/pages"}],"about":[{"href":"https:\/\/www.praxis-frieswil.ch\/index.php?rest_route=\/wp\/v2\/types\/page"}],"author":[{"embeddable":true,"href":"https:\/\/www.praxis-frieswil.ch\/index.php?rest_route=\/wp\/v2\/users\/1"}],"replies":[{"embeddable":true,"href":"https:\/\/www.praxis-frieswil.ch\/index.php?rest_route=%2Fwp%2Fv2%2Fcomments&post=209"}],"version-history":[{"count":8,"href":"https:\/\/www.praxis-frieswil.ch\/index.php?rest_route=\/wp\/v2\/pages\/209\/revisions"}],"predecessor-version":[{"id":232,"href":"https:\/\/www.praxis-frieswil.ch\/index.php?rest_route=\/wp\/v2\/pages\/209\/revisions\/232"}],"up":[{"embeddable":true,"href":"https:\/\/www.praxis-frieswil.ch\/index.php?rest_route=\/wp\/v2\/pages\/13"}],"wp:attachment":[{"href":"https:\/\/www.praxis-frieswil.ch\/index.php?rest_route=%2Fwp%2Fv2%2Fmedia&parent=209"}],"curies":[{"name":"wp","href":"https:\/\/api.w.org\/{rel}","templated":true}]}}